11. What is the highest common divisor of x and w?
5
Let s = -27 + 41. Let w(j) = -j**3 - 15*j**2 + 13*j + 7. Let k be w(-11). Let c be (-2 - (-52)/5)*k/(-93). What is the greatest common factor of c and s?
14
Let a be 6/30 + 0 + (-190)/(-50). Suppose -m - 4*m = -200. Suppose 4*v = -0*v + m. What is the greatest common divisor of v and a?
2
Let l(r) = -r + 0*r + r**3 + 3 + 4 - 11 + 1. Let u be l(2). Calculate the greatest common factor of u and 159.
3
Let l be 1494/8 + 3/12. Suppose -39577*f + 39510*f + 5695 = 0. Calculate the greatest common factor of f and l.
17
Suppose -432 = 4*g - 4*w, -3*w + 6*w = 12. Let k be g/(-39) + (-1)/(-3). Suppose 4*o - k*o = 77. Calculate the highest common factor of o and 22.
11
Let w(a) = a**3 + 10*a**2 - 7*a - 35. Let p be w(-6). Let i = p - 148. What is the highest common factor of i and 12?
3
Suppose 384*b + 5*j = 380*b + 28, b - j + 2 = 0. What is the highest common factor of 433 and b?
1
Let q be (102/510 + 6/(-5))*-385. Calculate the highest common factor of q and 315.
35
Suppose -5*a + 40 = 5*j - 105, -4*j - 34 = -a. Calculate the highest common divisor of 1830 and a.
30
Let g = -24701 + 38169. What is the greatest common factor of g and 26?
26
Let b be (-18 - 2)*(-110)/25. Let f = 2204 - 2094. Calculate the greatest common divisor of b and f.
22
Suppose 2*l - 50 = -2*j, 4*l = 4*j - 143 + 3. What is the greatest common divisor of 410 and j?
10
Suppose -122 = 2*z - 1074. Suppose 4*d - 105 = -5*x, x = 14*d - 19*d + 42. What is the highest common factor of x and z?
17
Suppose -223*h + 2704 = -207*h. What is the highest common divisor of 559 and h?
13
Let o = -2826 - -2850. Calculate the greatest common divisor of 328 and o.
8
Let d(a) = a**2 + 780*a - 9450. Let p be d(12). Let z = -54 + 126. Calculate the highest common divisor of z and p.
18
Suppose 0 = 33*x + 7*x + 30*x - 388360. Calculate the highest common divisor of 1292 and x.
76
Suppose -4*j - 35 = 2*w + w, -j = 4*w + 25. Let u be (-9 - w - -1) + 16. Let i be 2/6 - (-4203)/27. Calculate the highest common factor of u and i.
13
Let f = 25708 - 25130. What is the highest common divisor of 459 and f?
17
Let q = 15768 - 16121. Let f = -360 + -416. Let w = q - f. What is the greatest common divisor of w and 47?
47
Suppose 0 = t + 8, 5*o = 5*t + 21 + 54. Suppose -2*q = -3*n + 8*n - 18, -4*q = 4*n - 48. Calculate the greatest common factor of q and o.
7
Let j(v) = -84*v**2 + 17*v - 65. Let r be j(3). Let y = 787 + r. Calculate the greatest common factor of 1037 and y.
17
Let z be (1312/(-8))/((-1064)/(-98) + -11). Calculate the highest common divisor of 1066 and z.
82
Let x be (-3 - (97 + 2))/(-2)*1248/72. Let z(u) = 3*u**2 - u. Let i be z(-4). Calculate the greatest common factor of x and i.
52
Let g(d) = -26*d - 2. Let r be g(-1). Suppose -751 + 190 = -11*f. Let q = f - r. What is the highest common factor of q and 36?
9
Let h(p) = -121*p + 4426. Let k be h(36). Calculate the greatest common factor of k and 20510.
70
Suppose -3*a + 28 = a. Let m be (-6)/10 + 20416/110 + -6 + -18. Calculate the greatest common divisor of m and a.
7
Let n = -89 - -139. Suppose 4*z + 9 = 1, z + n = t. Calculate the highest common divisor of 60 and t.
12
Suppose -9*o = -5*v + 15124 - 65049, -2*o + 11110 = 2*v. What is the highest common divisor of 225 and o?
75
Let c(p) = -p**2 + 28*p - 187. Let j be c(12). Calculate the greatest common factor of j and 1055.
5
Suppose -100*l - 58*l + 140208 = -31*l. What is the greatest common divisor of l and 144?
48
Suppose -9*f + 24 = -5*f. Suppose f*b - 137 = 19. Suppose 0 = 2*m + 3*k - 75, -3*k - 27 = -3*m + 93. Calculate the greatest common factor of b and m.
13
Suppose -4*m + 2147 = 3*s, m - 3*s = -25 + 543. Suppose 2*y - 12 = 14. What is the highest common factor of m and y?
13
Let f be 3/4 - (-7565)/20. Let p = f + -373. Calculate the highest common divisor of p and 159.
3
Let a = 274 + -149. Let x = -124 + a. Let j be 4/x + -1 + 240 + -3. What is the highest common factor of 30 and j?
30
Suppose 2*h - 2873 = -0*y + 3*y, -7185 = -5*h + 5*y. Suppose 5*r - c = h, -8*r = -12*r + 4*c + 1160. Calculate the highest common factor of 14 and r.
7
Suppose 2*r = a + 5*r, -2*a - 5*r = -2. Let c be (-2 - (6 - a))*5/2. Let m be (-1)/(-1*c/(-265)). Calculate the highest common divisor of 477 and m.
53
Let y be (-27)/6*(-30)/(-45) - (-82 - -3). Let c be 2 + 3 + 1 + -48. Let p be (19/(-3))/(7/c). What is the highest common divisor of y and p?
38
Let z be (9 + -10)/((-1)/(-2)). Let k be 15/((3 - z)/5). Let a(x) = 13*x + 965. Let y be a(-74). What is the highest common divisor of y and k?
3
Let p(n) = 9*n**2 + 308*n + 3651. Let t be p(-11). What is the highest common factor of t and 17238?
338
Let p = 397 + -395. Let v be p/28 + 62413/182. What is the greatest common divisor of 21 and v?
7
Suppose 118*y = 17*y + 7070. Calculate the greatest common factor of y and 1015.
35
Let p be 1 - -1 - (2*-65)/(-5). Let h = -300 - p. Let s = -59 - h. What is the greatest common divisor of s and 31?
31
Let r be (1 - 3)/(1/((-122)/4)). Let y = -58 + r. Suppose -10 = -2*v, -2*i + y*v + 7 = 2. What is the highest common factor of i and 20?
10
Let y = -6 + 11. Suppose -y*k - 3*k + 296 = 0. Suppose 41*x - k*x - 48 = 0. What is the greatest common factor of x and 4?
4
Suppose -3*f + 2505 + 8673 = 15*f. Calculate the greatest common factor of 279 and f.
9
Let i(j) = j**2 + 4*j - 16. Let c = 16 - 36. Let q = -28 - c. Let g be i(q). Calculate the highest common factor of g and 80.
16
Let t = 2 - -12. Let p be 4*-2*(17 + -19). Suppose 0 = 3*l - p - t. Calculate the greatest common factor of l and 50.
10
Let q = 20 - 6. Let o = 27 - q. Calculate the greatest common divisor of 104 and o.
13
Let s(x) = -x**3 + 24*x**2 - 59*x - 79. Let q be s(21). Calculate the highest common factor of q and 700.
5
Let i(g) = 10*g - 35. Let v be i(3). Let o be 5 - (-112)/40 - 1/v. What is the highest common divisor of 376 and o?
8
Suppose -6*b - 108 = 3*b. Let q be (-10)/15*(-3 - -3 - -3). Let i = q - b. What is the highest common divisor of i and 110?
10
Suppose 609 - 92 = 11*c. What is the greatest common divisor of c and 3901?
47
Let a = 29 + -26. Suppose 0*l + 4*l - 4*t + 72 = 0, 0 = -l + a*t - 22. Let f = l + 68. Calculate the highest common divisor of 26 and f.
26
Let u(h) = 26*h - 10. Let p be u(3). Let s = -63 + p. Suppose -b - 97 = -3*r, 0 = 7*r - 4*r - s*b - 101. What is the highest common factor of 8 and r?
8
Let q = -5669 - -5683. What is the greatest common divisor of q and 4298?
14
Suppose -3*d + 4 = g + 5, -4*g - 18 = -2*d. Let c be (135/(-20))/((-201)/192 + d). Let r be (-18)/(2 - 2 - 1). What is the highest common factor of c and r?
18
Let l be (-1 - 13/(-7))/((-4)/(-14)). Let c be 1252/22 - l/(-33). Calculate the greatest common divisor of 38 and c.
19
Let t be 1/2*6*(0 + 1). Suppose -t*r - 8 + 86 = 0. What is the highest common divisor of r and 65?
13
Let m be ((-833)/(-21) - 9) + (-3)/(-9). Let k be 2061/6 + -3 - 1/(-2). What is the greatest common factor of k and m?
31
Suppose 0 = -t + 2*j + 16378, 22*t - 23*t - 3*j = -16403. Calculate the greatest common divisor of 68 and t.
68
Suppose -7*b + 894 + 366 = 0. Suppose -2850 = -28*u + 9*u. Calculate the greatest common factor of b and u.
30
Let j(p) = -p**3 - 12*p**2 - 20*p - 2. Let h be j(-10). Let c be (-5 - -112) + h + 0. What is the greatest common factor of c and 45?
15
Let w(x) = 13*x + 184. Suppose -491 = 22*u - 205. Let f be w(u). Calculate the highest common factor of 165 and f.
15
Suppose -41*i + 3*l = -39*i - 13260, -4*i + 26506 = l. What is the highest common factor of i and 3?
3
Let n = -1901 - -3245. Calculate the highest common divisor of 96 and n.
96
Suppose 2*t + 1 = -s, -5*t - 4 = -2*t + 4*s. Let j be -40*(t + -6)*(-4)/30. Let o = -9 - j. What is the highest common factor of 138 and o?
23
Let x be 224/10 + (-596)/1490. Let j(w) = -w**3 - 5*w**2 - 3*w - 3. Let g be j(-5). Let l = 188 - g. Calculate the greatest common factor of l and x.
22
Let f = -2566 + 15437. What is the highest common divisor of 211 and f?
211
Suppose -5*p = -4*c + 65 - 1, 0 = -4*p. Suppose -6*y = 148 - 628. What is the greatest common factor of y and c?
16
Suppose -127 = -3*k + j, j + 49 = 4*k - 122. Suppose 29*l + 8 = 30*l. Let b be (